{"id":14061,"date":"2025-07-15T17:05:13","date_gmt":"2025-07-15T17:05:13","guid":{"rendered":"https:\/\/anka.ba\/?post_type=product&#038;p=14061"},"modified":"2026-03-22T00:01:53","modified_gmt":"2026-03-21T23:01:53","slug":"super-brzi-auto-punjac-pt-27-50w-type-c-lightning-kabal-na-izvlacenje-800mm","status":"publish","type":"product","link":"https:\/\/anka.ba\/proizvod\/super-brzi-auto-punjac-pt-27-50w-type-c-lightning-kabal-na-izvlacenje-800mm\/","title":{"rendered":"SUPER BRZI AUTO PUNJAC PT-27 50W TYPE-C LIGHTNING KABAL NA IZVLACENJE 800MM"},"content":{"rendered":"<section>\n<p style=\"margin-bottom: 0.6em;\"><strong>SUPER BRZI AUTO PUNJA\u010c PT-27 50W<\/strong><br \/>\nOvaj auto punja\u010d omogu\u0107ava <strong>brzo i efikasno punjenje<\/strong> va\u0161ih ure\u0111aja tokom vo\u017enje. Sa <strong>ugra\u0111enim kablom na izvla\u010denje<\/strong>, nudi prakti\u010dnost i elegantan dizajn, savr\u0161en za svakodnevnu upotrebu.<\/p>\n<ul style=\"margin-bottom: 0.6em; padding-left: 1.2em;\">\n<li><strong>Snaga:<\/strong> 50W za brzo punjenje<\/li>\n<li><strong>Priklju\u010dci:<\/strong> Type-C i Lightning kompatibilni<\/li>\n<li><strong>Kabel:<\/strong> Na izvla\u010denje, du\u017eine 800 mm<\/li>\n<li><strong>Dizajn:<\/strong> Kompaktan i lagan za kori\u0161tenje u svakom automobilu<\/li>\n<li><strong>Sigurnost:<\/strong> Za\u0161tita od pregrijavanja i prenapona<\/li>\n<\/ul>\n<p style=\"margin-bottom: 0.6em;\">Ovaj punja\u010d je <strong>idealno rje\u0161enje<\/strong> za sve koji tra\u017ee pouzdanost i brzinu tokom punjenja ure\u0111aja u pokretu.<\/p>\n<\/section>\n","protected":false},"excerpt":{"rendered":"<p>SUPER BRZI AUTO PUNJA\u010c PT-27 50W Ovaj auto punja\u010d omogu\u0107ava brzo i efikasno punjenje va\u0161ih ure\u0111aja tokom vo\u017enje. Sa ugra\u0111enim<\/p>\n","protected":false},"featured_media":14091,"comment_status":"open","ping_status":"closed","template":"","meta":{"rs_blank_template":"","rs_page_bg_color":"","slide_template_v7":""},"product_brand":[],"product_cat":[323,315],"product_tag":[1213],"class_list":{"0":"post-14061","1":"product","2":"type-product","3":"status-publish","4":"has-post-thumbnail","6":"product_cat-auto-punjaci","7":"product_cat-punjaci","8":"product_tag-pt-27","10":"first","11":"instock","12":"purchasable","13":"product-type-simple"},"yoast_head":"<!-- This site is optimized with the Yoast SEO Premium plugin v27.3 (Yoast SEO v27.4) - https:\/\/yoast.com\/product\/yoast-seo-premium-wordpress\/ -->\n<title>SUPER BRZI AUTO PUNJAC PT-27 50W TYPE-C LIGHTNING KABAL NA IZVLACENJE 800MM - Online shop elektronika, mobilna i gaming oprema BiH<\/title>\n<meta name=\"robots\" content=\"index, follow, max-snippet:-1, max-image-preview:large, max-video-preview:-1\" \/>\n<link rel=\"canonical\" href=\"https:\/\/anka.ba\/proizvod\/super-brzi-auto-punjac-pt-27-50w-type-c-lightning-kabal-na-izvlacenje-800mm\/\" \/>\n<meta property=\"og:locale\" content=\"bs_BA\" \/>\n<meta property=\"og:type\" content=\"article\" \/>\n<meta property=\"og:title\" content=\"SUPER BRZI AUTO PUNJAC PT-27 50W TYPE-C LIGHTNING KABAL NA IZVLACENJE 800MM\" \/>\n<meta property=\"og:description\" content=\"SUPER BRZI AUTO PUNJA\u010c PT-27 50W Ovaj auto punja\u010d omogu\u0107ava brzo i efikasno punjenje va\u0161ih ure\u0111aja tokom vo\u017enje. Sa ugra\u0111enim\" \/>\n<meta property=\"og:url\" content=\"https:\/\/anka.ba\/proizvod\/super-brzi-auto-punjac-pt-27-50w-type-c-lightning-kabal-na-izvlacenje-800mm\/\" \/>\n<meta property=\"og:site_name\" content=\"Online shop elektronika, mobilna i gaming oprema BiH\" \/>\n<meta property=\"article:publisher\" content=\"https:\/\/www.facebook.com\/platoon.ba\" \/>\n<meta property=\"article:modified_time\" content=\"2026-03-21T23:01:53+00:00\" \/>\n<meta property=\"og:image\" content=\"https:\/\/anka.ba\/wp-content\/uploads\/2025\/07\/139685-0.jpeg\" \/>\n\t<meta property=\"og:image:width\" content=\"900\" \/>\n\t<meta property=\"og:image:height\" content=\"900\" \/>\n\t<meta property=\"og:image:type\" content=\"image\/jpeg\" \/>\n<meta name=\"twitter:card\" content=\"summary_large_image\" \/>\n<meta name=\"twitter:label1\" content=\"Price\" \/>\n\t<meta name=\"twitter:data1\" content=\"45,00&nbsp;KM\" \/>\n\t<meta name=\"twitter:label2\" content=\"Availability\" \/>\n\t<meta name=\"twitter:data2\" content=\"In stock\" \/>\n<script type=\"application\/ld+json\" class=\"yoast-schema-graph\">{\"@context\":\"https:\\\/\\\/schema.org\",\"@graph\":[{\"@type\":\"WebPage\",\"@id\":\"https:\\\/\\\/anka.ba\\\/proizvod\\\/super-brzi-auto-punjac-pt-27-50w-type-c-lightning-kabal-na-izvlacenje-800mm\\\/\",\"url\":\"https:\\\/\\\/anka.ba\\\/proizvod\\\/super-brzi-auto-punjac-pt-27-50w-type-c-lightning-kabal-na-izvlacenje-800mm\\\/\",\"name\":\"SUPER BRZI AUTO PUNJAC PT-27 50W TYPE-C LIGHTNING KABAL NA IZVLACENJE 800MM - Online shop elektronika, mobilna i gaming oprema BiH\",\"isPartOf\":{\"@id\":\"https:\\\/\\\/anka.ba\\\/#website\"},\"primaryImageOfPage\":{\"@id\":\"https:\\\/\\\/anka.ba\\\/proizvod\\\/super-brzi-auto-punjac-pt-27-50w-type-c-lightning-kabal-na-izvlacenje-800mm\\\/#primaryimage\"},\"image\":{\"@id\":\"https:\\\/\\\/anka.ba\\\/proizvod\\\/super-brzi-auto-punjac-pt-27-50w-type-c-lightning-kabal-na-izvlacenje-800mm\\\/#primaryimage\"},\"thumbnailUrl\":\"https:\\\/\\\/anka.ba\\\/wp-content\\\/uploads\\\/2025\\\/07\\\/139685-0.jpeg\",\"datePublished\":\"2025-07-15T17:05:13+00:00\",\"dateModified\":\"2026-03-21T23:01:53+00:00\",\"breadcrumb\":{\"@id\":\"https:\\\/\\\/anka.ba\\\/proizvod\\\/super-brzi-auto-punjac-pt-27-50w-type-c-lightning-kabal-na-izvlacenje-800mm\\\/#breadcrumb\"},\"inLanguage\":\"bs-BA\",\"potentialAction\":[{\"@type\":\"ReadAction\",\"target\":[\"https:\\\/\\\/anka.ba\\\/proizvod\\\/super-brzi-auto-punjac-pt-27-50w-type-c-lightning-kabal-na-izvlacenje-800mm\\\/\"]}]},{\"@type\":\"ImageObject\",\"inLanguage\":\"bs-BA\",\"@id\":\"https:\\\/\\\/anka.ba\\\/proizvod\\\/super-brzi-auto-punjac-pt-27-50w-type-c-lightning-kabal-na-izvlacenje-800mm\\\/#primaryimage\",\"url\":\"https:\\\/\\\/anka.ba\\\/wp-content\\\/uploads\\\/2025\\\/07\\\/139685-0.jpeg\",\"contentUrl\":\"https:\\\/\\\/anka.ba\\\/wp-content\\\/uploads\\\/2025\\\/07\\\/139685-0.jpeg\",\"width\":900,\"height\":900},{\"@type\":\"BreadcrumbList\",\"@id\":\"https:\\\/\\\/anka.ba\\\/proizvod\\\/super-brzi-auto-punjac-pt-27-50w-type-c-lightning-kabal-na-izvlacenje-800mm\\\/#breadcrumb\",\"itemListElement\":[{\"@type\":\"ListItem\",\"position\":1,\"name\":\"Home\",\"item\":\"https:\\\/\\\/anka.ba\\\/\"},{\"@type\":\"ListItem\",\"position\":2,\"name\":\"Shop\",\"item\":\"https:\\\/\\\/anka.ba\\\/shop\\\/\"},{\"@type\":\"ListItem\",\"position\":3,\"name\":\"SUPER BRZI AUTO PUNJAC PT-27 50W TYPE-C LIGHTNING KABAL NA IZVLACENJE 800MM\"}]},{\"@type\":\"WebSite\",\"@id\":\"https:\\\/\\\/anka.ba\\\/#website\",\"url\":\"https:\\\/\\\/anka.ba\\\/\",\"name\":\"Online shop elektronika, mobilna i gaming oprema BiH\",\"description\":\"Va\u0161a online trgovina elektronikom i gadgetima\",\"publisher\":{\"@id\":\"https:\\\/\\\/anka.ba\\\/#organization\"},\"potentialAction\":[{\"@type\":\"SearchAction\",\"target\":{\"@type\":\"EntryPoint\",\"urlTemplate\":\"https:\\\/\\\/anka.ba\\\/?s={search_term_string}\"},\"query-input\":{\"@type\":\"PropertyValueSpecification\",\"valueRequired\":true,\"valueName\":\"search_term_string\"}}],\"inLanguage\":\"bs-BA\"},{\"@type\":\"Organization\",\"@id\":\"https:\\\/\\\/anka.ba\\\/#organization\",\"name\":\"Online shop elektronika, mobilna i gaming oprema BiH\",\"url\":\"https:\\\/\\\/anka.ba\\\/\",\"logo\":{\"@type\":\"ImageObject\",\"inLanguage\":\"bs-BA\",\"@id\":\"https:\\\/\\\/anka.ba\\\/#\\\/schema\\\/logo\\\/image\\\/\",\"url\":\"https:\\\/\\\/anka.ba\\\/wp-content\\\/uploads\\\/2026\\\/04\\\/BANNER-MOB-5.jpg\",\"contentUrl\":\"https:\\\/\\\/anka.ba\\\/wp-content\\\/uploads\\\/2026\\\/04\\\/BANNER-MOB-5.jpg\",\"width\":760,\"height\":420,\"caption\":\"Online shop elektronika, mobilna i gaming oprema BiH\"},\"image\":{\"@id\":\"https:\\\/\\\/anka.ba\\\/#\\\/schema\\\/logo\\\/image\\\/\"},\"sameAs\":[\"https:\\\/\\\/www.facebook.com\\\/platoon.ba\"]}]}<\/script>\n<meta property=\"product:price:amount\" content=\"45.00\" \/>\n<meta property=\"product:price:currency\" content=\"BAM\" \/>\n<meta property=\"og:availability\" content=\"instock\" \/>\n<meta property=\"product:availability\" content=\"instock\" \/>\n<meta property=\"product:retailer_item_id\" content=\"139685\" \/>\n<meta property=\"product:condition\" content=\"new\" \/>\n<!-- \/ Yoast SEO Premium plugin. -->","yoast_head_json":{"title":"SUPER BRZI AUTO PUNJAC PT-27 50W TYPE-C LIGHTNING KABAL NA IZVLACENJE 800MM - Online shop elektronika, mobilna i gaming oprema BiH","robots":{"index":"index","follow":"follow","max-snippet":"max-snippet:-1","max-image-preview":"max-image-preview:large","max-video-preview":"max-video-preview:-1"},"canonical":"https:\/\/anka.ba\/proizvod\/super-brzi-auto-punjac-pt-27-50w-type-c-lightning-kabal-na-izvlacenje-800mm\/","og_locale":"bs_BA","og_type":"article","og_title":"SUPER BRZI AUTO PUNJAC PT-27 50W TYPE-C LIGHTNING KABAL NA IZVLACENJE 800MM","og_description":"SUPER BRZI AUTO PUNJA\u010c PT-27 50W Ovaj auto punja\u010d omogu\u0107ava brzo i efikasno punjenje va\u0161ih ure\u0111aja tokom vo\u017enje. Sa ugra\u0111enim","og_url":"https:\/\/anka.ba\/proizvod\/super-brzi-auto-punjac-pt-27-50w-type-c-lightning-kabal-na-izvlacenje-800mm\/","og_site_name":"Online shop elektronika, mobilna i gaming oprema BiH","article_publisher":"https:\/\/www.facebook.com\/platoon.ba","article_modified_time":"2026-03-21T23:01:53+00:00","og_image":[{"width":900,"height":900,"url":"https:\/\/anka.ba\/wp-content\/uploads\/2025\/07\/139685-0.jpeg","type":"image\/jpeg"}],"twitter_card":"summary_large_image","twitter_misc":{"Price":"45,00&nbsp;KM","Availability":"In stock"},"schema":{"@context":"https:\/\/schema.org","@graph":[{"@type":"WebPage","@id":"https:\/\/anka.ba\/proizvod\/super-brzi-auto-punjac-pt-27-50w-type-c-lightning-kabal-na-izvlacenje-800mm\/","url":"https:\/\/anka.ba\/proizvod\/super-brzi-auto-punjac-pt-27-50w-type-c-lightning-kabal-na-izvlacenje-800mm\/","name":"SUPER BRZI AUTO PUNJAC PT-27 50W TYPE-C LIGHTNING KABAL NA IZVLACENJE 800MM - Online shop elektronika, mobilna i gaming oprema BiH","isPartOf":{"@id":"https:\/\/anka.ba\/#website"},"primaryImageOfPage":{"@id":"https:\/\/anka.ba\/proizvod\/super-brzi-auto-punjac-pt-27-50w-type-c-lightning-kabal-na-izvlacenje-800mm\/#primaryimage"},"image":{"@id":"https:\/\/anka.ba\/proizvod\/super-brzi-auto-punjac-pt-27-50w-type-c-lightning-kabal-na-izvlacenje-800mm\/#primaryimage"},"thumbnailUrl":"https:\/\/anka.ba\/wp-content\/uploads\/2025\/07\/139685-0.jpeg","datePublished":"2025-07-15T17:05:13+00:00","dateModified":"2026-03-21T23:01:53+00:00","breadcrumb":{"@id":"https:\/\/anka.ba\/proizvod\/super-brzi-auto-punjac-pt-27-50w-type-c-lightning-kabal-na-izvlacenje-800mm\/#breadcrumb"},"inLanguage":"bs-BA","potentialAction":[{"@type":"ReadAction","target":["https:\/\/anka.ba\/proizvod\/super-brzi-auto-punjac-pt-27-50w-type-c-lightning-kabal-na-izvlacenje-800mm\/"]}]},{"@type":"ImageObject","inLanguage":"bs-BA","@id":"https:\/\/anka.ba\/proizvod\/super-brzi-auto-punjac-pt-27-50w-type-c-lightning-kabal-na-izvlacenje-800mm\/#primaryimage","url":"https:\/\/anka.ba\/wp-content\/uploads\/2025\/07\/139685-0.jpeg","contentUrl":"https:\/\/anka.ba\/wp-content\/uploads\/2025\/07\/139685-0.jpeg","width":900,"height":900},{"@type":"BreadcrumbList","@id":"https:\/\/anka.ba\/proizvod\/super-brzi-auto-punjac-pt-27-50w-type-c-lightning-kabal-na-izvlacenje-800mm\/#breadcrumb","itemListElement":[{"@type":"ListItem","position":1,"name":"Home","item":"https:\/\/anka.ba\/"},{"@type":"ListItem","position":2,"name":"Shop","item":"https:\/\/anka.ba\/shop\/"},{"@type":"ListItem","position":3,"name":"SUPER BRZI AUTO PUNJAC PT-27 50W TYPE-C LIGHTNING KABAL NA IZVLACENJE 800MM"}]},{"@type":"WebSite","@id":"https:\/\/anka.ba\/#website","url":"https:\/\/anka.ba\/","name":"Online shop elektronika, mobilna i gaming oprema BiH","description":"Va\u0161a online trgovina elektronikom i gadgetima","publisher":{"@id":"https:\/\/anka.ba\/#organization"},"potentialAction":[{"@type":"SearchAction","target":{"@type":"EntryPoint","urlTemplate":"https:\/\/anka.ba\/?s={search_term_string}"},"query-input":{"@type":"PropertyValueSpecification","valueRequired":true,"valueName":"search_term_string"}}],"inLanguage":"bs-BA"},{"@type":"Organization","@id":"https:\/\/anka.ba\/#organization","name":"Online shop elektronika, mobilna i gaming oprema BiH","url":"https:\/\/anka.ba\/","logo":{"@type":"ImageObject","inLanguage":"bs-BA","@id":"https:\/\/anka.ba\/#\/schema\/logo\/image\/","url":"https:\/\/anka.ba\/wp-content\/uploads\/2026\/04\/BANNER-MOB-5.jpg","contentUrl":"https:\/\/anka.ba\/wp-content\/uploads\/2026\/04\/BANNER-MOB-5.jpg","width":760,"height":420,"caption":"Online shop elektronika, mobilna i gaming oprema BiH"},"image":{"@id":"https:\/\/anka.ba\/#\/schema\/logo\/image\/"},"sameAs":["https:\/\/www.facebook.com\/platoon.ba"]}]},"product_price_amount":"45.00","product_price_currency":"BAM","og_availability":"instock","product_availability":"instock","product_retailer_item_id":"139685","product_condition":"new"},"_links":{"self":[{"href":"https:\/\/anka.ba\/wp-json\/wp\/v2\/product\/14061","targetHints":{"allow":["GET"]}}],"collection":[{"href":"https:\/\/anka.ba\/wp-json\/wp\/v2\/product"}],"about":[{"href":"https:\/\/anka.ba\/wp-json\/wp\/v2\/types\/product"}],"replies":[{"embeddable":true,"href":"https:\/\/anka.ba\/wp-json\/wp\/v2\/comments?post=14061"}],"version-history":[{"count":0,"href":"https:\/\/anka.ba\/wp-json\/wp\/v2\/product\/14061\/revisions"}],"wp:featuredmedia":[{"embeddable":true,"href":"https:\/\/anka.ba\/wp-json\/wp\/v2\/media\/14091"}],"wp:attachment":[{"href":"https:\/\/anka.ba\/wp-json\/wp\/v2\/media?parent=14061"}],"wp:term":[{"taxonomy":"product_brand","embeddable":true,"href":"https:\/\/anka.ba\/wp-json\/wp\/v2\/product_brand?post=14061"},{"taxonomy":"product_cat","embeddable":true,"href":"https:\/\/anka.ba\/wp-json\/wp\/v2\/product_cat?post=14061"},{"taxonomy":"product_tag","embeddable":true,"href":"https:\/\/anka.ba\/wp-json\/wp\/v2\/product_tag?post=14061"}],"curies":[{"name":"wp","href":"https:\/\/api.w.org\/{rel}","templated":true}]}}